-o*k - 8416. Is n composite?
False
Suppose -3*d + 2*q = -419 + 3758, 0 = -2*d + 2*q - 2226. Suppose 68*i + 31850 = 75*i. Let l = i + d. Is l composite?
True
Is 3 - 2564234/(-4) - (-215)/(-86) a composite number?
True
Let s be 2/8 - (3 + (-81)/12). Suppose -2938 + 406 = -s*t. Is t a prime number?
False
Let j be (-4)/24 - (1 + (-761586)/36). Suppose -48*t = -50*t + j. Is t composite?
True
Suppose -9*t - 8*t + 8262 = 0. Suppose 27*n - 30*n = -9. Suppose t + 213 = n*h. Is h a composite number?
False
Suppose -2*n + 9*n - 347277 = 0. Suppose -7*a + 2*a + n = s, 2*a - 4*s - 19862 = 0. Is a a composite number?
False
Let d(p) = 108*p**2 - 632*p + 5. Is d(-13) composite?
True
Let j(t) be the first derivative of -6137*t**4/4 - 2*t**3/3 - 3*t**2/2 - t - 30. Let o be j(-1). Let f = -702 + o. Is f a prime number?
False
Is (280160 + 24)*65/104 prime?
False
Let v = 57 + -53. Suppose a - 1891 = -4*a - 4*h, -v*h - 383 = -a. Let p = a + 270. Is p prime?
False
Let q be ((-20016)/(-14))/4*(-5 + -2). Let x = q - -1644. Let t = 2495 + x. Is t composite?
False
Let j = -224803 + 456402. Is j prime?
True
Let x = -48808 + 194441. Is x a prime number?
True
Suppose 3*a - 6*o - 48 = -5*o, 57 = 3*a - 4*o. Let t be a/(-45) - 28/6. Is 2*((-2965)/2)/t composite?
False
Let t(j) be the second derivative of 77*j**4/12 - 19*j**3/6 + 119*j**2/2 - 22*j. Is t(6) a composite number?
False
Suppose 0 = 180*m + 213*m - 52748518 + 11837611. Is m prime?
False
Suppose 3*d + 32282 = -2*k - 7396, 3*k = -4*d - 59517. Let s = k - -28138. Suppose s = 2*w + 2117. Is w a prime number?
False
Let z(u) = -671*u + 2. Is z(-27) a prime number?
True
Is (-21)/((-17052)/56) - (-1700962)/58 composite?
False
Let d = -1 + -9. Let v = d - -60. Let a = 27 + v. Is a prime?
False
Let a(h) = 2*h**3 - h**2 - 5*h + 2. Let b be a(2). Suppose b*n - 7821 = -5*v, 12795 - 3030 = 5*n + 4*v. Is n prime?
True
Let d(f) = -155*f - 15. Let v be d(-4). Let x = v + 854. Is x a prime number?
True
Let r(p) = -87421*p + 400. Is r(-1) prime?
False
Suppose 81*k = 65*k + 70656. Let y = k - -4933. Is y a prime number?
True
Suppose 158*l = 31998821 + 26082453. Is l prime?
True
Is (4 - 174/45) + (55007106/90)/7 a composite number?
False
Let r(w) = 1387*w**2 - 9*w - 3. Suppose -2*p + 14 = -5*v - 4, 0 = -2*v - p. Is r(v) a composite number?
False
Let v(h) be the first derivative of -h**4/2 + 17*h**3 + 55*h**2/2 - 17*h + 186. Is v(25) composite?
True
Let w = 10543 - -17772. Suppose -5*p - 8600 + w = 0. Is p prime?
True
Suppose -467*j + 453*j = -66206. Is j a prime number?
True
Let u be (9/(135/32095))/(4/48). Suppose -u = -12*a + 133816. Is a prime?
True
Let n(i) = 15*i + 17. Let v be n(14). Let u = 231 + v. Is u a prime number?
False
Let a = 35335 + -14504. Is a composite?
True
Let a be (0 - (-5 + 4))/((-3)/2310). Let d = a - -1707. Is d prime?
True
Let a(l) = -8*l + 4. Let j(y) = y - 1. Let c(r) = 2*a(r) + 18*j(r). Let d be c(3). Is -1*(-2 - -29*(d - 0)) a prime number?
False
Let w(x) = -21*x + 2*x + 659*x**2 + 5*x + 8 + 3 + 417*x**2. Is w(-5) prime?
True
Suppose -5*x - 54 = -3*x - 4*l, l = 2. Let i(k) = -126*k - 65. Is i(x) prime?
True
Is -1*-17*(1 + 3868) - -4 composite?
False
Suppose -2*r + i = -i - 81268, 4*r + i - 162501 = 0. Is r a composite number?
False
Let f = -540829 + 770832. Is f prime?
True
Let m(d) = 32*d**2 - d + 1. Let a = -40 + 42. Suppose 3*q - a = -14. Is m(q) composite?
True
Suppose 8*w = -3*w. Suppose 3*b + w*b = 0. Suppose 9*m - 5*m - 2876 = b. Is m prime?
True
Suppose -3*p = 2*t + 14, -t = -2*p + 6*p + 17. Let g be (419/4)/(p/(-64)). Let j = g - -1053. Is j a composite number?
False
Let p = -1610723 - -2556358. Is p a composite number?
True
Let c = -10967 + 33168. Is c composite?
True
Suppose 4*m = -4 + 12. Let o(q) = 46*q**m + q + 31*q**2 - 7 - 20*q**2. Is o(3) composite?
False
Let p(h) = 18*h**2 - 6*h - 1. Let x(c) = -c**3 + 3*c**2 + 4*c - 3. Let t be x(2). Suppose -a + 5 = t. Is p(a) a composite number?
False
Let j(z) = 237*z**2 + 151*z**2 + 2*z + 40*z**2 - 1 + 25*z**2. Suppose 0*y = 2*y + 4. Is j(y) prime?
False
Let k be 3 + (5 - 7) - (0 + -567). Let b = -284 + k. Suppose -z = -78 - b. Is z prime?
False
Let d(o) = -262*o**3 - 11*o**2 + 25*o + 157. Is d(-9) a composite number?
True
Let k = 1833 - 3094. Let b = -1775 - k. Is 3 + -1 + b/(-2) composite?
True
Is ((-44)/20)/((-18)/114330) + 2/(-3) prime?
False
Is (2 - 11/5) + (2 - 572296/(-5)) a composite number?
True
Let p be (((-528)/18)/4)/(1/(-3102)). Suppose 0 = r - 5*d - 4202, 1843 = -5*r + 4*d + p. Is r a composite number?
False
Let f(w) = 28*w**2 - 6*w - 104. Let u(j) = -1. Let k(v) = f(v) + 3*u(v). Is k(-8) a composite number?
False
Let j = 96 - 87. Suppose j*d - 27153 = -0*d. Is d prime?
False
Let h = 1500 - 927. Let j = h + 40. Is j a composite number?
False
Let r(u) = -15 + 152*u**2 - 12*u - 17 + 10 - 5. Let j be r(-6). Is j/(-6)*-2 - 1 prime?
False
Let p = 104 - 65. Let x = 79 - p. Is 4*(-2)/(x/(-1915)) a composite number?
False
Let f(g) = 3834*g - 10. Let k be f(14). Let q = k + -18927. Is q a prime number?
True
Suppose 4*z = -4, 0 = -0*s - s + 2*z + 11. Suppose -3*w + 5*x = 7*x - 85053, s = 3*x. Is w a prime number?
True
Let t(a) = 1401*a - 4. Let g(p) = -p - 3. Let m be g(-4). Is t(m) a prime number?
False
Let t = 42907 + -12440. Is t prime?
True
Let k(w) = -223*w**3 + 7*w**2 + 8*w - 59. Let z(d) = -446*d**3 + 16*d**2 + 16*d - 118. Let i(l) = -13*k(l) + 6*z(l). Is i(5) prime?
True
Let u be 2/7 - ((-19)/7 - 1). Suppose 2*o = 3*h - 280 - 885, -h - u*o + 407 = 0. Is h - ((-2)/(-6) + 7/(-3)) a prime number?
False
Let r = -761 + 771. Let d(v) be the first derivative of 6*v**3 + 13*v**2/2 + 19*v - 1. Is d(r) prime?
True
Suppose 1164259 = -72*a + 1923286 + 1667445. Is a a composite number?
True
Suppose 0 = 5*i + 7*i + 10*i. Suppose i = 28*u - 6*u - 242418. Is u composite?
True
Suppose -9 = -5*l + 1. Let i(z) = 14*z**2 - 4*z. Let a be i(6). Suppose l*q = a + 1334. Is q a prime number?
True
Suppose 2*z = -2, -82*b + 79*b = 5*z - 10510. Is b a prime number?
False
Let s(d) be the second derivative of 3*d**3 + 307*d**2/2 + 5*d - 5. Is s(0) a prime number?
True
Let g = 343749 + -235760. Is g a composite number?
True
Suppose 8*h - 3*g - 92634 = 5*h, 4*g - 20 = 0. Is h prime?
False
Let k(g) = -87*g**3 - 32*g**2 - 31*g - 193. Is k(-8) prime?
False
Let a = 114975 - 51438. Is a a prime number?
False
Let a(s) = 1963*s**2 + 77*s - 44. Is a(-6) composite?
True
Suppose 55*t + 2358964 = 70*t + 356749. Is t a prime number?
True
Let i(b) = b**2 - 142*b - 475. Is i(-176) a prime number?
False
Let y = 15158 - 7735. Suppose -y = -12*j + 6341. Is j composite?
True
Suppose 16*z + 450925 - 744853 = 740808. Is z composite?
True
Let b be (-10)/(390/33) + 2/(-13). Is 1/(b - (-20592)/20584) a prime number?
False
Suppose 0 = -b - 6*a + 2*a + 320, 0 = -b - 2*a + 310. Let m be b/175*(7 + (0 - 0)). Is 2/m + ((-317)/6)/(-1) a composite number?
False
Let m(k) = -26*k - 168. Let j be m(-7). Suppose -j*p = -98954 - 78300. Is p prime?
False
Suppose 0 = 60*c - 110*c + 1245350. Is c a composite number?
False
Let s(m) = 21*m**3 - m**2 + 7*m - 6. Suppose 0 = -2*d + 3*d - 4. Suppose 3*j - d*g - 25 = 0, 0*g - 20 = 5*g. Is s(j) a prime number?
False
Let d(s) = s**3 + 3*s**2 + 2*s - 4. Let n be d(1). Is (-11)/(33/(-2))*6159/n a composite number?
False
Let x be (-1 - 4)*30/25. Let g be 4648/x*((-15)/6 + 1). Suppose j = -4*l + 637, g + 1364 = 4*j + 5*l. Is j prime?
False
Suppose 0 = -5*j - 2*o + 17, 3*j - 5*o - 48 = -13. Suppose -j*f + 4*f = -5. Suppose 1534 - 5279 = -f*l. Is l prime?
False
Let a(z) = -11*z + 1. Let q be a(3). Let t be (112/q)/(2/684). Is ((-4)/(-5) - t/35) + -2 prime?
False
Suppose 0 = 2*l - 10*u + 5*u + 6, 4*l + u = 32. Suppose l*b - 6248 = 3*b + 4*g, -4*g + 3118 = 2*b. Is b prime?
False
Let u = -20 - -23. Suppose 0*a - 51 = u*a. Is (2 + a)*1/(-1) a prime number?
False
Let t be 6/(-10) - 572/130. Is 11836*7/((-140)/t) a prime number?
False
Let c be 5 - 1 - (9/3 + -1). Suppose -6 = 2*l - 2*u, 4*u + 2 = -4*l - c. Let t(z) = -268*z - 15. Is t(l) a prime number?
True
Let q be 1/1 - (-6)/21*7. Suppose -q*d - 1781 + 9674 = 0. Is d prime?
False
Let o = 307966 + -214875. Is o composite?
True
Suppose j - 238267 = -c, 3*c - 940249 + 225440 = -j. Is c a prime number?
False
Suppose 417*f - 41